{"id":658,"date":"2023-01-04T21:41:26","date_gmt":"2023-01-04T20:41:26","guid":{"rendered":"https:\/\/arquitectura.udd.cl\/cic\/?post_type=person&#038;p=658"},"modified":"2023-03-21T18:37:41","modified_gmt":"2023-03-21T17:37:41","slug":"rodrigo-gajardo","status":"publish","type":"person","link":"https:\/\/arquitectura.udd.cl\/cic\/persona\/rodrigo-gajardo\/","featured_media":652,"template":"","people_tax":[],"people_areas":[],"people_levels":[],"class_list":["post-658","person","type-person","status-publish","has-post-thumbnail","hentry"],"yoast_head":"<!-- This site is optimized with the Yoast SEO plugin v26.9 - https:\/\/yoast.com\/product\/yoast-seo-wordpress\/ -->\n<title>Rodrigo Gajardo Vald\u00e9s - Centro de Innovaci\u00f3n en Ciudades UDD<\/title>\n<meta name=\"robots\" content=\"index, follow, max-snippet:-1, max-image-preview:large, max-video-preview:-1\" \/>\n<link rel=\"canonical\" href=\"https:\/\/arquitectura.udd.cl\/cic\/persona\/rodrigo-gajardo\/\" \/>\n<meta property=\"og:locale\" content=\"es_ES\" \/>\n<meta property=\"og:type\" content=\"article\" \/>\n<meta property=\"og:title\" content=\"Rodrigo Gajardo Vald\u00e9s - Centro de Innovaci\u00f3n en Ciudades UDD\" \/>\n<meta property=\"og:url\" content=\"https:\/\/arquitectura.udd.cl\/cic\/persona\/rodrigo-gajardo\/\" \/>\n<meta property=\"og:site_name\" content=\"Centro de Innovaci\u00f3n en Ciudades UDD\" \/>\n<meta property=\"article:modified_time\" content=\"2023-03-21T17:37:41+00:00\" \/>\n<meta property=\"og:image\" content=\"https:\/\/arquitectura.udd.cl\/cic\/files\/2023\/01\/rodrigo-gajardo.png\" \/>\n\t<meta property=\"og:image:width\" content=\"500\" \/>\n\t<meta property=\"og:image:height\" content=\"500\" \/>\n\t<meta property=\"og:image:type\" content=\"image\/png\" \/>\n<meta name=\"twitter:card\" content=\"summary_large_image\" \/>\n<script type=\"application\/ld+json\" class=\"yoast-schema-graph\">{\"@context\":\"https:\/\/schema.org\",\"@graph\":[{\"@type\":\"WebPage\",\"@id\":\"https:\/\/arquitectura.udd.cl\/cic\/persona\/rodrigo-gajardo\/\",\"url\":\"https:\/\/arquitectura.udd.cl\/cic\/persona\/rodrigo-gajardo\/\",\"name\":\"Rodrigo Gajardo Vald\u00e9s - Centro de Innovaci\u00f3n en Ciudades UDD\",\"isPartOf\":{\"@id\":\"https:\/\/arquitectura.udd.cl\/cic\/#website\"},\"primaryImageOfPage\":{\"@id\":\"https:\/\/arquitectura.udd.cl\/cic\/persona\/rodrigo-gajardo\/#primaryimage\"},\"image\":{\"@id\":\"https:\/\/arquitectura.udd.cl\/cic\/persona\/rodrigo-gajardo\/#primaryimage\"},\"thumbnailUrl\":\"https:\/\/arquitectura.udd.cl\/cic\/files\/2023\/01\/rodrigo-gajardo.png\",\"datePublished\":\"2023-01-04T20:41:26+00:00\",\"dateModified\":\"2023-03-21T17:37:41+00:00\",\"breadcrumb\":{\"@id\":\"https:\/\/arquitectura.udd.cl\/cic\/persona\/rodrigo-gajardo\/#breadcrumb\"},\"inLanguage\":\"es\",\"potentialAction\":[{\"@type\":\"ReadAction\",\"target\":[\"https:\/\/arquitectura.udd.cl\/cic\/persona\/rodrigo-gajardo\/\"]}]},{\"@type\":\"ImageObject\",\"inLanguage\":\"es\",\"@id\":\"https:\/\/arquitectura.udd.cl\/cic\/persona\/rodrigo-gajardo\/#primaryimage\",\"url\":\"https:\/\/arquitectura.udd.cl\/cic\/files\/2023\/01\/rodrigo-gajardo.png\",\"contentUrl\":\"https:\/\/arquitectura.udd.cl\/cic\/files\/2023\/01\/rodrigo-gajardo.png\",\"width\":500,\"height\":500},{\"@type\":\"BreadcrumbList\",\"@id\":\"https:\/\/arquitectura.udd.cl\/cic\/persona\/rodrigo-gajardo\/#breadcrumb\",\"itemListElement\":[{\"@type\":\"ListItem\",\"position\":1,\"name\":\"Portada\",\"item\":\"https:\/\/arquitectura.udd.cl\/cic\/\"},{\"@type\":\"ListItem\",\"position\":2,\"name\":\"Personas\",\"item\":\"https:\/\/arquitectura.udd.cl\/cic\/persona\/\"},{\"@type\":\"ListItem\",\"position\":3,\"name\":\"Rodrigo Gajardo Vald\u00e9s\"}]},{\"@type\":\"WebSite\",\"@id\":\"https:\/\/arquitectura.udd.cl\/cic\/#website\",\"url\":\"https:\/\/arquitectura.udd.cl\/cic\/\",\"name\":\"Centro de Innovaci\u00f3n en Ciudades UDD\",\"description\":\"\",\"inLanguage\":\"es\"}]}<\/script>\n<!-- \/ Yoast SEO plugin. -->","yoast_head_json":{"title":"Rodrigo Gajardo Vald\u00e9s - Centro de Innovaci\u00f3n en Ciudades UDD","robots":{"index":"index","follow":"follow","max-snippet":"max-snippet:-1","max-image-preview":"max-image-preview:large","max-video-preview":"max-video-preview:-1"},"canonical":"https:\/\/arquitectura.udd.cl\/cic\/persona\/rodrigo-gajardo\/","og_locale":"es_ES","og_type":"article","og_title":"Rodrigo Gajardo Vald\u00e9s - Centro de Innovaci\u00f3n en Ciudades UDD","og_url":"https:\/\/arquitectura.udd.cl\/cic\/persona\/rodrigo-gajardo\/","og_site_name":"Centro de Innovaci\u00f3n en Ciudades UDD","article_modified_time":"2023-03-21T17:37:41+00:00","og_image":[{"width":500,"height":500,"url":"https:\/\/arquitectura.udd.cl\/cic\/files\/2023\/01\/rodrigo-gajardo.png","type":"image\/png"}],"twitter_card":"summary_large_image","schema":{"@context":"https:\/\/schema.org","@graph":[{"@type":"WebPage","@id":"https:\/\/arquitectura.udd.cl\/cic\/persona\/rodrigo-gajardo\/","url":"https:\/\/arquitectura.udd.cl\/cic\/persona\/rodrigo-gajardo\/","name":"Rodrigo Gajardo Vald\u00e9s - Centro de Innovaci\u00f3n en Ciudades UDD","isPartOf":{"@id":"https:\/\/arquitectura.udd.cl\/cic\/#website"},"primaryImageOfPage":{"@id":"https:\/\/arquitectura.udd.cl\/cic\/persona\/rodrigo-gajardo\/#primaryimage"},"image":{"@id":"https:\/\/arquitectura.udd.cl\/cic\/persona\/rodrigo-gajardo\/#primaryimage"},"thumbnailUrl":"https:\/\/arquitectura.udd.cl\/cic\/files\/2023\/01\/rodrigo-gajardo.png","datePublished":"2023-01-04T20:41:26+00:00","dateModified":"2023-03-21T17:37:41+00:00","breadcrumb":{"@id":"https:\/\/arquitectura.udd.cl\/cic\/persona\/rodrigo-gajardo\/#breadcrumb"},"inLanguage":"es","potentialAction":[{"@type":"ReadAction","target":["https:\/\/arquitectura.udd.cl\/cic\/persona\/rodrigo-gajardo\/"]}]},{"@type":"ImageObject","inLanguage":"es","@id":"https:\/\/arquitectura.udd.cl\/cic\/persona\/rodrigo-gajardo\/#primaryimage","url":"https:\/\/arquitectura.udd.cl\/cic\/files\/2023\/01\/rodrigo-gajardo.png","contentUrl":"https:\/\/arquitectura.udd.cl\/cic\/files\/2023\/01\/rodrigo-gajardo.png","width":500,"height":500},{"@type":"BreadcrumbList","@id":"https:\/\/arquitectura.udd.cl\/cic\/persona\/rodrigo-gajardo\/#breadcrumb","itemListElement":[{"@type":"ListItem","position":1,"name":"Portada","item":"https:\/\/arquitectura.udd.cl\/cic\/"},{"@type":"ListItem","position":2,"name":"Personas","item":"https:\/\/arquitectura.udd.cl\/cic\/persona\/"},{"@type":"ListItem","position":3,"name":"Rodrigo Gajardo Vald\u00e9s"}]},{"@type":"WebSite","@id":"https:\/\/arquitectura.udd.cl\/cic\/#website","url":"https:\/\/arquitectura.udd.cl\/cic\/","name":"Centro de Innovaci\u00f3n en Ciudades UDD","description":"","inLanguage":"es"}]}},"label":"Rodrigo Gajardo Vald\u00e9s","title":{"rendered":"Rodrigo Gajardo Vald\u00e9s"},"role":false,"thumbnail_url":"https:\/\/arquitectura.udd.cl\/cic\/files\/2023\/01\/rodrigo-gajardo.png","email":"r.gajardo@udd.cl","tel_job":"","content":{"rendered":"<div class=\"person-modal person-modal--scl\">\n\t<header class=\"person-modal__header\">\n\t\t<div class=\"person-modal__bg\"><\/div>\n\t\t<div class=\"modal-container\">\n\t\t\t\t\t\t<div class=\"person-modal__media\">\n\t\t\t\t<img width=\"500\" height=\"500\" src=\"https:\/\/arquitectura.udd.cl\/cic\/files\/2023\/01\/rodrigo-gajardo-62x62.png\" class=\"person-modal__image wp-post-image lazyload\" alt=\"\" decoding=\"async\" loading=\"lazy\" sizes=\"auto, (max-width: 500px) 100vw, 500px\" data-src=\"https:\/\/arquitectura.udd.cl\/cic\/files\/2023\/01\/rodrigo-gajardo.png\" data-srcset=\"https:\/\/arquitectura.udd.cl\/cic\/files\/2023\/01\/rodrigo-gajardo.png 500w, https:\/\/arquitectura.udd.cl\/cic\/files\/2023\/01\/rodrigo-gajardo-300x300.png 300w, https:\/\/arquitectura.udd.cl\/cic\/files\/2023\/01\/rodrigo-gajardo-150x150.png 150w, https:\/\/arquitectura.udd.cl\/cic\/files\/2023\/01\/rodrigo-gajardo-62x62.png 62w, https:\/\/arquitectura.udd.cl\/cic\/files\/2023\/01\/rodrigo-gajardo-250x250.png 250w, https:\/\/arquitectura.udd.cl\/cic\/files\/2023\/01\/rodrigo-gajardo-126x126.png 126w\" \/>\t\t\t<\/div>\n\t\t\t\t\t\t<div class=\"person-modal__data\">\n\t\t\t\t<h1 class=\"person-modal__name\">Rodrigo Gajardo Vald\u00e9s<\/h1>\n\t\t\t\t\t\t\t\t\t\t\t\t\t<a href=\"mailto:&#114;.&#103;ajar&#100;o&#064;&#117;&#100;d&#046;cl\" class=\"person-modal__email\">r&#46;&#103;ajardo&#64;&#117;d&#100;.cl<\/a>\n\t\t\t\t\t\t\t\t\t<\/div>\n\t\t<\/div>\n\t<\/header>\n\t<div class=\"modal-container\">\n\t\t\t<div class=\"person-modal__content text\">\n\t\t\t\t\t\t\t<ul>\n\t\t\t\t\t\t\t<li>Dise\u00f1ador Universidad Mayor<\/li>\n\t\t\t\t\t\t\t<li>Magister en Dise\u00f1o Avanzado PUC<\/li>\n\t\t\t\t\t\t<\/ul>\n\t\t\t\t\t\t\t\t<p>Colaborador<\/p>\n<ul>\n<li>Encargado de comunicaciones &#8211; Chile Territorio Futuro 2022<\/li>\n<\/ul>\n\t\t<\/div>\n\t<\/div>\n<\/div>\n"},"identifier":"c9dd656c19b2cdf8f72e2cad0cff9bb0aaf5e0cd","has_credential":["Dise\u00f1ador Universidad Mayor","Magister en Dise\u00f1o Avanzado PUC"],"given_name":"Rodrigo","family_name":"Gajardo Vald\u00e9s","name":"Rodrigo Gajardo Vald\u00e9s","job_title":"","telephone":"","note":"","im":"","_self_schedule":null,"_links":{"self":[{"href":"https:\/\/arquitectura.udd.cl\/cic\/wp-json\/wp\/v2\/people\/658","targetHints":{"allow":["GET"]}}],"collection":[{"href":"https:\/\/arquitectura.udd.cl\/cic\/wp-json\/wp\/v2\/people"}],"about":[{"href":"https:\/\/arquitectura.udd.cl\/cic\/wp-json\/wp\/v2\/types\/person"}],"wp:featuredmedia":[{"embeddable":true,"href":"https:\/\/arquitectura.udd.cl\/cic\/wp-json\/wp\/v2\/media\/652"}],"wp:attachment":[{"href":"https:\/\/arquitectura.udd.cl\/cic\/wp-json\/wp\/v2\/media?parent=658"}],"wp:term":[{"taxonomy":"people_tax","embeddable":true,"href":"https:\/\/arquitectura.udd.cl\/cic\/wp-json\/wp\/v2\/people_tax?post=658"},{"taxonomy":"people_areas","embeddable":true,"href":"https:\/\/arquitectura.udd.cl\/cic\/wp-json\/wp\/v2\/people_areas?post=658"},{"taxonomy":"people_levels","embeddable":true,"href":"https:\/\/arquitectura.udd.cl\/cic\/wp-json\/wp\/v2\/people_levels?post=658"}],"curies":[{"name":"wp","href":"https:\/\/api.w.org\/{rel}","templated":true}]}}

<!-- This site is optimized with the Yoast SEO plugin v26.9 - https://yoast.com/product/yoast-seo-wordpress/ -->
<title>Rodrigo Gajardo Valdés - Centro de Innovación en Ciudades UDD</title>
<meta name="robots" content="index, follow, max-snippet:-1, max-image-preview:large, max-video-preview:-1" />
<link rel="canonical" href="https://arquitectura.udd.cl/cic/persona/rodrigo-gajardo/" />
<meta property="og:locale" content="es_ES" />
<meta property="og:type" content="article" />
<meta property="og:title" content="Rodrigo Gajardo Valdés - Centro de Innovación en Ciudades UDD" />
<meta property="og:url" content="https://arquitectura.udd.cl/cic/persona/rodrigo-gajardo/" />
<meta property="og:site_name" content="Centro de Innovación en Ciudades UDD" />
<meta property="article:modified_time" content="2023-03-21T17:37:41+00:00" />
<meta property="og:image" content="https://arquitectura.udd.cl/cic/files/2023/01/rodrigo-gajardo.png" />
	<meta property="og:image:width" content="500" />
	<meta property="og:image:height" content="500" />
	<meta property="og:image:type" content="image/png" />
<meta name="twitter:card" content="summary_large_image" />
<script type="application/ld+json" class="yoast-schema-graph">{"@context":"https://schema.org","@graph":[{"@type":"WebPage","@id":"https://arquitectura.udd.cl/cic/persona/rodrigo-gajardo/","url":"https://arquitectura.udd.cl/cic/persona/rodrigo-gajardo/","name":"Rodrigo Gajardo Valdés - Centro de Innovación en Ciudades UDD","isPartOf":{"@id":"https://arquitectura.udd.cl/cic/#website"},"primaryImageOfPage":{"@id":"https://arquitectura.udd.cl/cic/persona/rodrigo-gajardo/#primaryimage"},"image":{"@id":"https://arquitectura.udd.cl/cic/persona/rodrigo-gajardo/#primaryimage"},"thumbnailUrl":"https://arquitectura.udd.cl/cic/files/2023/01/rodrigo-gajardo.png","datePublished":"2023-01-04T20:41:26+00:00","dateModified":"2023-03-21T17:37:41+00:00","breadcrumb":{"@id":"https://arquitectura.udd.cl/cic/persona/rodrigo-gajardo/#breadcrumb"},"inLanguage":"es","potentialAction":[{"@type":"ReadAction","target":["https://arquitectura.udd.cl/cic/persona/rodrigo-gajardo/"]}]},{"@type":"ImageObject","inLanguage":"es","@id":"https://arquitectura.udd.cl/cic/persona/rodrigo-gajardo/#primaryimage","url":"https://arquitectura.udd.cl/cic/files/2023/01/rodrigo-gajardo.png","contentUrl":"https://arquitectura.udd.cl/cic/files/2023/01/rodrigo-gajardo.png","width":500,"height":500},{"@type":"BreadcrumbList","@id":"https://arquitectura.udd.cl/cic/persona/rodrigo-gajardo/#breadcrumb","itemListElement":[{"@type":"ListItem","position":1,"name":"Portada","item":"https://arquitectura.udd.cl/cic/"},{"@type":"ListItem","position":2,"name":"Personas","item":"https://arquitectura.udd.cl/cic/persona/"},{"@type":"ListItem","position":3,"name":"Rodrigo Gajardo Valdés"}]},{"@type":"WebSite","@id":"https://arquitectura.udd.cl/cic/#website","url":"https://arquitectura.udd.cl/cic/","name":"Centro de Innovación en Ciudades UDD","description":"","inLanguage":"es"}]}</script>
<!-- / Yoast SEO plugin. -->

Rodrigo Gajardo Valdés - Centro de Innovación en Ciudades UDD

Centro de Innovación en Ciudades UDD

Rodrigo Gajardo Valdés

<div class="person-modal person-modal--scl">
	<header class="person-modal__header">
		<div class="person-modal__bg"></div>
		<div class="modal-container">
						<div class="person-modal__media">
				<img width="500" height="500" src="https://arquitectura.udd.cl/cic/files/2023/01/rodrigo-gajardo-62x62.png" class="person-modal__image wp-post-image lazyload" alt="" decoding="async" loading="lazy" sizes="auto, (max-width: 500px) 100vw, 500px" data-src="https://arquitectura.udd.cl/cic/files/2023/01/rodrigo-gajardo.png" data-srcset="https://arquitectura.udd.cl/cic/files/2023/01/rodrigo-gajardo.png 500w, https://arquitectura.udd.cl/cic/files/2023/01/rodrigo-gajardo-300x300.png 300w, https://arquitectura.udd.cl/cic/files/2023/01/rodrigo-gajardo-150x150.png 150w, https://arquitectura.udd.cl/cic/files/2023/01/rodrigo-gajardo-62x62.png 62w, https://arquitectura.udd.cl/cic/files/2023/01/rodrigo-gajardo-250x250.png 250w, https://arquitectura.udd.cl/cic/files/2023/01/rodrigo-gajardo-126x126.png 126w" />			</div>
						<div class="person-modal__data">
				<h1 class="person-modal__name">Rodrigo Gajardo Valdés</h1>
													<a href="mailto:&#114;.&#103;ajar&#100;o&#064;&#117;&#100;d&#046;cl" class="person-modal__email">r&#46;&#103;ajardo&#64;&#117;d&#100;.cl</a>
									</div>
		</div>
	</header>
	<div class="modal-container">
			<div class="person-modal__content text">
							<ul>
							<li>Diseñador Universidad Mayor</li>
							<li>Magister en Diseño Avanzado PUC</li>
						</ul>
								<p>Colaborador</p>
<ul>
<li>Encargado de comunicaciones &#8211; Chile Territorio Futuro 2022</li>
</ul>
		</div>
	</div>
</div>

Diseñador Universidad Mayor

Magister en Diseño Avanzado PUC

Gajardo Valdés
