{"id":879,"date":"2023-01-19T17:43:32","date_gmt":"2023-01-19T16:43:32","guid":{"rendered":"https:\/\/arquitectura.udd.cl\/cic\/?page_id=879"},"modified":"2023-04-05T18:55:18","modified_gmt":"2023-04-05T16:55:18","slug":"ciudad-e-infancia","status":"publish","type":"page","link":"https:\/\/arquitectura.udd.cl\/cic\/ciudad-e-infancia\/","title":{"rendered":"Ciudad e infancia"},"content":{"rendered":"<!-- WP Block: UDD - Banners Multiple -->\n<section class=\"wp-block-udd-banners-multiple \">\n\t<div class=\"container\">\n\t\t\t\t<div class=\"block__content\">\n\t\t\t<div id=\"udd-banners-multiple--1\"\n\t\t\t\t\t\t\t\t>\n\t\t\t\t\t\t\t\t<div class=\"banners\">\n\t\t\t\t\t\t\t\t\t<div class=\"banner-col\n\t\t\t\t\t active\t\t\t\t\t\">\n\t\t\t\t\t\t<a href=\"https:\/\/arquitectura.udd.cl\/cic\/growing-up-in-cities-2020-chile\/\" class=\"banner banner--multiple\" data-url=\"https:\/\/arquitectura.udd.cl\/cic\/growing-up-in-cities-2020-chile\/\">\n\t\t\t\t\t\t\t\t\t\t\t\t\t<img loading=\"lazy\" decoding=\"async\" width=\"952\" height=\"534\" src=\"https:\/\/arquitectura.udd.cl\/cic\/files\/2023\/03\/girl-g1f1d78b57_1280-680x382.jpg\" class=\"banner__image lazyload\" alt=\"\" sizes=\"auto, (max-width: 952px) 100vw, 952px\" data-src=\"https:\/\/arquitectura.udd.cl\/cic\/files\/2023\/03\/girl-g1f1d78b57_1280-952x534.jpg\" data-srcset=\"https:\/\/arquitectura.udd.cl\/cic\/files\/2023\/03\/girl-g1f1d78b57_1280-952x534.jpg 952w, https:\/\/arquitectura.udd.cl\/cic\/files\/2023\/03\/girl-g1f1d78b57_1280-680x382.jpg 680w\" \/>\t\t\t\t\t\t\t\t\t\t\t\t\t<div class=\"banner__content\">\n\t\t\t\t\t\t\t\t<span class=\"banner__title\">Growing up in Cities 2020 &#8211; Chile<\/span>\n\t\t\t\t\t\t\t\t\t\t\t\t\t\t\t\t\t<span class=\"banner__description\">Proyecto que se enmarca en la publicaci\u00f3n de un libro llamado Growing Up In Cities 2020. Esta investigaci\u00f3n aportar\u00e1 un cap\u00edtulo desde Santiago de Chile, a una publicaci\u00f3n en la que colaborar\u00e1n 12 pa\u00edses, lo que har\u00e1 de este estudio la investigaci\u00f3n m\u00e1s amplia a nivel mundial sobre la percepci\u00f3n que los j\u00f3venes de barrios vulnerables tienen de su entorno en la vida urbana contempor\u00e1nea.<\/span>\n\t\t\t\t\t\t\t\t\t\t\t\t\t\t\t\t\t\t\t\t\t\t\t<\/div>\n\t\t\t\t\t\t<\/a>\n\t\t\t\t\t<\/div>\n\t\t\t\t\t\t\t\t<\/div>\n\t\t\t<\/div>\n\t\t<\/div>\n\t<\/div>\n<\/section>\n","protected":false},"excerpt":{"rendered":"","protected":false},"author":9192204,"featured_media":0,"parent":0,"menu_order":0,"comment_status":"closed","ping_status":"closed","template":"","meta":{"footnotes":""},"class_list":["post-879","page","type-page","status-publish","hentry"],"yoast_head":"<!-- This site is optimized with the Yoast SEO plugin v26.9 - https:\/\/yoast.com\/product\/yoast-seo-wordpress\/ -->\n<title>Ciudad e infancia - Centro de Innovaci\u00f3n en Ciudades UDD<\/title>\n<meta name=\"robots\" content=\"index, follow, max-snippet:-1, max-image-preview:large, max-video-preview:-1\" \/>\n<link rel=\"canonical\" href=\"https:\/\/arquitectura.udd.cl\/cic\/ciudad-e-infancia\/\" \/>\n<meta property=\"og:locale\" content=\"es_ES\" \/>\n<meta property=\"og:type\" content=\"article\" \/>\n<meta property=\"og:title\" content=\"Ciudad e infancia - Centro de Innovaci\u00f3n en Ciudades UDD\" \/>\n<meta property=\"og:url\" content=\"https:\/\/arquitectura.udd.cl\/cic\/ciudad-e-infancia\/\" \/>\n<meta property=\"og:site_name\" content=\"Centro de Innovaci\u00f3n en Ciudades UDD\" \/>\n<meta property=\"article:modified_time\" content=\"2023-04-05T16:55:18+00:00\" \/>\n<meta name=\"twitter:card\" content=\"summary_large_image\" \/>\n<script type=\"application\/ld+json\" class=\"yoast-schema-graph\">{\"@context\":\"https:\/\/schema.org\",\"@graph\":[{\"@type\":\"WebPage\",\"@id\":\"https:\/\/arquitectura.udd.cl\/cic\/ciudad-e-infancia\/\",\"url\":\"https:\/\/arquitectura.udd.cl\/cic\/ciudad-e-infancia\/\",\"name\":\"Ciudad e infancia - Centro de Innovaci\u00f3n en Ciudades UDD\",\"isPartOf\":{\"@id\":\"https:\/\/arquitectura.udd.cl\/cic\/#website\"},\"datePublished\":\"2023-01-19T16:43:32+00:00\",\"dateModified\":\"2023-04-05T16:55:18+00:00\",\"breadcrumb\":{\"@id\":\"https:\/\/arquitectura.udd.cl\/cic\/ciudad-e-infancia\/#breadcrumb\"},\"inLanguage\":\"es\",\"potentialAction\":[{\"@type\":\"ReadAction\",\"target\":[\"https:\/\/arquitectura.udd.cl\/cic\/ciudad-e-infancia\/\"]}]},{\"@type\":\"BreadcrumbList\",\"@id\":\"https:\/\/arquitectura.udd.cl\/cic\/ciudad-e-infancia\/#breadcrumb\",\"itemListElement\":[{\"@type\":\"ListItem\",\"position\":1,\"name\":\"Portada\",\"item\":\"https:\/\/arquitectura.udd.cl\/cic\/\"},{\"@type\":\"ListItem\",\"position\":2,\"name\":\"Ciudad e infancia\"}]},{\"@type\":\"WebSite\",\"@id\":\"https:\/\/arquitectura.udd.cl\/cic\/#website\",\"url\":\"https:\/\/arquitectura.udd.cl\/cic\/\",\"name\":\"Centro de Innovaci\u00f3n en Ciudades UDD\",\"description\":\"\",\"inLanguage\":\"es\"}]}<\/script>\n<!-- \/ Yoast SEO plugin. -->","yoast_head_json":{"title":"Ciudad e infancia - Centro de Innovaci\u00f3n en Ciudades UDD","robots":{"index":"index","follow":"follow","max-snippet":"max-snippet:-1","max-image-preview":"max-image-preview:large","max-video-preview":"max-video-preview:-1"},"canonical":"https:\/\/arquitectura.udd.cl\/cic\/ciudad-e-infancia\/","og_locale":"es_ES","og_type":"article","og_title":"Ciudad e infancia - Centro de Innovaci\u00f3n en Ciudades UDD","og_url":"https:\/\/arquitectura.udd.cl\/cic\/ciudad-e-infancia\/","og_site_name":"Centro de Innovaci\u00f3n en Ciudades UDD","article_modified_time":"2023-04-05T16:55:18+00:00","twitter_card":"summary_large_image","schema":{"@context":"https:\/\/schema.org","@graph":[{"@type":"WebPage","@id":"https:\/\/arquitectura.udd.cl\/cic\/ciudad-e-infancia\/","url":"https:\/\/arquitectura.udd.cl\/cic\/ciudad-e-infancia\/","name":"Ciudad e infancia - Centro de Innovaci\u00f3n en Ciudades UDD","isPartOf":{"@id":"https:\/\/arquitectura.udd.cl\/cic\/#website"},"datePublished":"2023-01-19T16:43:32+00:00","dateModified":"2023-04-05T16:55:18+00:00","breadcrumb":{"@id":"https:\/\/arquitectura.udd.cl\/cic\/ciudad-e-infancia\/#breadcrumb"},"inLanguage":"es","potentialAction":[{"@type":"ReadAction","target":["https:\/\/arquitectura.udd.cl\/cic\/ciudad-e-infancia\/"]}]},{"@type":"BreadcrumbList","@id":"https:\/\/arquitectura.udd.cl\/cic\/ciudad-e-infancia\/#breadcrumb","itemListElement":[{"@type":"ListItem","position":1,"name":"Portada","item":"https:\/\/arquitectura.udd.cl\/cic\/"},{"@type":"ListItem","position":2,"name":"Ciudad e infancia"}]},{"@type":"WebSite","@id":"https:\/\/arquitectura.udd.cl\/cic\/#website","url":"https:\/\/arquitectura.udd.cl\/cic\/","name":"Centro de Innovaci\u00f3n en Ciudades UDD","description":"","inLanguage":"es"}]}},"_links":{"self":[{"href":"https:\/\/arquitectura.udd.cl\/cic\/wp-json\/wp\/v2\/pages\/879","targetHints":{"allow":["GET"]}}],"collection":[{"href":"https:\/\/arquitectura.udd.cl\/cic\/wp-json\/wp\/v2\/pages"}],"about":[{"href":"https:\/\/arquitectura.udd.cl\/cic\/wp-json\/wp\/v2\/types\/page"}],"author":[{"embeddable":true,"href":"https:\/\/arquitectura.udd.cl\/cic\/wp-json\/wp\/v2\/users\/9192204"}],"replies":[{"embeddable":true,"href":"https:\/\/arquitectura.udd.cl\/cic\/wp-json\/wp\/v2\/comments?post=879"}],"version-history":[{"count":5,"href":"https:\/\/arquitectura.udd.cl\/cic\/wp-json\/wp\/v2\/pages\/879\/revisions"}],"predecessor-version":[{"id":1416,"href":"https:\/\/arquitectura.udd.cl\/cic\/wp-json\/wp\/v2\/pages\/879\/revisions\/1416"}],"wp:attachment":[{"href":"https:\/\/arquitectura.udd.cl\/cic\/wp-json\/wp\/v2\/media?parent=879"}],"curies":[{"name":"wp","href":"https:\/\/api.w.org\/{rel}","templated":true}]}}

<!-- WP Block: UDD - Banners Multiple -->
<section class="wp-block-udd-banners-multiple ">
	<div class="container">
				<div class="block__content">
			<div id="udd-banners-multiple--1"
								>
								<div class="banners">
									<div class="banner-col
					 active					">
						<a href="https://arquitectura.udd.cl/cic/growing-up-in-cities-2020-chile/" class="banner banner--multiple" data-url="https://arquitectura.udd.cl/cic/growing-up-in-cities-2020-chile/">
													<img loading="lazy" decoding="async" width="952" height="534" src="https://arquitectura.udd.cl/cic/files/2023/03/girl-g1f1d78b57_1280-680x382.jpg" class="banner__image lazyload" alt="" sizes="auto, (max-width: 952px) 100vw, 952px" data-src="https://arquitectura.udd.cl/cic/files/2023/03/girl-g1f1d78b57_1280-952x534.jpg" data-srcset="https://arquitectura.udd.cl/cic/files/2023/03/girl-g1f1d78b57_1280-952x534.jpg 952w, https://arquitectura.udd.cl/cic/files/2023/03/girl-g1f1d78b57_1280-680x382.jpg 680w" />													<div class="banner__content">
								<span class="banner__title">Growing up in Cities 2020 &#8211; Chile</span>
																	<span class="banner__description">Proyecto que se enmarca en la publicación de un libro llamado Growing Up In Cities 2020. Esta investigación aportará un capítulo desde Santiago de Chile, a una publicación en la que colaborarán 12 países, lo que hará de este estudio la investigación más amplia a nivel mundial sobre la percepción que los jóvenes de barrios vulnerables tienen de su entorno en la vida urbana contemporánea.</span>
																							</div>
						</a>
					</div>
								</div>
			</div>
		</div>
	</div>
</section>

<!-- This site is optimized with the Yoast SEO plugin v26.9 - https://yoast.com/product/yoast-seo-wordpress/ -->
<title>Ciudad e infancia - Centro de Innovación en Ciudades UDD</title>
<meta name="robots" content="index, follow, max-snippet:-1, max-image-preview:large, max-video-preview:-1" />
<link rel="canonical" href="https://arquitectura.udd.cl/cic/ciudad-e-infancia/" />
<meta property="og:locale" content="es_ES" />
<meta property="og:type" content="article" />
<meta property="og:title" content="Ciudad e infancia - Centro de Innovación en Ciudades UDD" />
<meta property="og:url" content="https://arquitectura.udd.cl/cic/ciudad-e-infancia/" />
<meta property="og:site_name" content="Centro de Innovación en Ciudades UDD" />
<meta property="article:modified_time" content="2023-04-05T16:55:18+00:00" />
<meta name="twitter:card" content="summary_large_image" />
<script type="application/ld+json" class="yoast-schema-graph">{"@context":"https://schema.org","@graph":[{"@type":"WebPage","@id":"https://arquitectura.udd.cl/cic/ciudad-e-infancia/","url":"https://arquitectura.udd.cl/cic/ciudad-e-infancia/","name":"Ciudad e infancia - Centro de Innovación en Ciudades UDD","isPartOf":{"@id":"https://arquitectura.udd.cl/cic/#website"},"datePublished":"2023-01-19T16:43:32+00:00","dateModified":"2023-04-05T16:55:18+00:00","breadcrumb":{"@id":"https://arquitectura.udd.cl/cic/ciudad-e-infancia/#breadcrumb"},"inLanguage":"es","potentialAction":[{"@type":"ReadAction","target":["https://arquitectura.udd.cl/cic/ciudad-e-infancia/"]}]},{"@type":"BreadcrumbList","@id":"https://arquitectura.udd.cl/cic/ciudad-e-infancia/#breadcrumb","itemListElement":[{"@type":"ListItem","position":1,"name":"Portada","item":"https://arquitectura.udd.cl/cic/"},{"@type":"ListItem","position":2,"name":"Ciudad e infancia"}]},{"@type":"WebSite","@id":"https://arquitectura.udd.cl/cic/#website","url":"https://arquitectura.udd.cl/cic/","name":"Centro de Innovación en Ciudades UDD","description":"","inLanguage":"es"}]}</script>
<!-- / Yoast SEO plugin. -->

Ciudad e infancia - Centro de Innovación en Ciudades UDD

Centro de Innovación en Ciudades UDD
