{"id":1552,"date":"2024-08-28T03:37:10","date_gmt":"2024-08-28T01:37:10","guid":{"rendered":"https:\/\/arquitectura.udd.cl\/cic\/?page_id=1552"},"modified":"2024-09-02T18:12:50","modified_gmt":"2024-09-02T16:12:50","slug":"autoridad-metropolitana-de-transportes-y-movilidad","status":"publish","type":"page","link":"https:\/\/arquitectura.udd.cl\/cic\/autoridad-metropolitana-de-transportes-y-movilidad\/","title":{"rendered":"Autoridad Metropolitana de Transportes y Movilidad"},"content":{"rendered":"\n<p><\/p>\n\n\n\n<div class=\"wp-block-media-text alignfull is-stacked-on-mobile\" style=\"grid-template-columns:35% auto\"><figure class=\"wp-block-media-text__media\"><img loading=\"lazy\" decoding=\"async\" width=\"1024\" height=\"683\" src=\"https:\/\/arquitectura.udd.cl\/cic\/files\/2024\/08\/dsc_0394-1-1024x683.jpg\" alt=\"\" class=\"wp-image-1553 size-large\" srcset=\"https:\/\/arquitectura.udd.cl\/cic\/files\/2024\/08\/dsc_0394-1-1024x683.jpg 1024w, https:\/\/arquitectura.udd.cl\/cic\/files\/2024\/08\/dsc_0394-1-300x200.jpg 300w, https:\/\/arquitectura.udd.cl\/cic\/files\/2024\/08\/dsc_0394-1-768x512.jpg 768w, https:\/\/arquitectura.udd.cl\/cic\/files\/2024\/08\/dsc_0394-1-1536x1025.jpg 1536w, https:\/\/arquitectura.udd.cl\/cic\/files\/2024\/08\/dsc_0394-1-2048x1367.jpg 2048w\" sizes=\"auto, (max-width: 1024px) 100vw, 1024px\" \/><\/figure><div class=\"wp-block-media-text__content\">\n<p>Estudio del modelo de Gobernanza para la Autoridad Metropolitana de Transportes y Movilidad de Santiago (AMTM)<\/p>\n\n\n\n<p>La Universidad del Desarrollo (UDD), en conjunto con la consultora inglesa Arup y Transport for London (TfL), han sido los encargados de desarrollar una propuesta de dise\u00f1o del modelo institucional para una nueva Autoridad Metropolitana de Transporte y Movilidad de Santiago (AMTM).<\/p>\n\n\n\n<p>Este estudio ha sido encargado por el Gobierno Regional de Santiago (GORE) y el Directorio de Transporte P\u00fablico Metropolitano (DTPM) del Ministerio de Transportes y Telecomunicaciones de Chile.<\/p>\n<\/div><\/div>\n\n\n\n<p><em> <\/em><\/p>\n\n\n\n<div class=\"wp-block-media-text alignfull has-media-on-the-right is-stacked-on-mobile\" style=\"grid-template-columns:auto 35%\"><div class=\"wp-block-media-text__content\">\n<p>El objetivo de este estudio es, por tanto, dise\u00f1ar el modelo institucional de una futura Autoridad Metropolitana de Transporte y Movilidad de Santiago, considerando diversos aspectos como el financiamiento, eficiencia en las operaciones, la movilidad activa, el alcance geogr\u00e1fico del sistema, la seguridad, la calidad del aire, la resiliencia al cambio clim\u00e1tico, la innovaci\u00f3n tecnol\u00f3gica, la integraci\u00f3n del transporte a la planificaci\u00f3n del uso de suelo, la equidad, el g\u00e9nero, la inclusi\u00f3n y el valor social, as\u00ed como el uso de las tecnolog\u00edas digitales, entre otros.<\/p>\n<\/div><figure class=\"wp-block-media-text__media\"><img loading=\"lazy\" decoding=\"async\" width=\"1024\" height=\"683\" src=\"https:\/\/arquitectura.udd.cl\/cic\/files\/2024\/08\/dsc_0389-1024x683.jpg\" alt=\"\" class=\"wp-image-1554 size-large\" srcset=\"https:\/\/arquitectura.udd.cl\/cic\/files\/2024\/08\/dsc_0389-1024x683.jpg 1024w, https:\/\/arquitectura.udd.cl\/cic\/files\/2024\/08\/dsc_0389-300x200.jpg 300w, https:\/\/arquitectura.udd.cl\/cic\/files\/2024\/08\/dsc_0389-768x512.jpg 768w, https:\/\/arquitectura.udd.cl\/cic\/files\/2024\/08\/dsc_0389-1536x1025.jpg 1536w, https:\/\/arquitectura.udd.cl\/cic\/files\/2024\/08\/dsc_0389-2048x1367.jpg 2048w\" sizes=\"auto, (max-width: 1024px) 100vw, 1024px\" \/><\/figure><\/div>\n\n\n\n<p class=\"has-small-font-size\"><em> Proyecto financiado por el Fondo de Innovaci\u00f3n para la Competitividad (FIC-R) del Gobierno de Santiago y ejecutado por el Centro de Innovaci\u00f3n en Ciudades UDD.<\/em><\/p>\n","protected":false},"excerpt":{"rendered":"<p>Estudio del modelo de Gobernanza para la Autoridad Metropolitana de Transportes y Movilidad de Santiago (AMTM) La Universidad del Desarrollo (UDD), en conjunto con la consultora inglesa Arup y Transport for London (TfL), han sido los encargados de desarrollar una propuesta de dise\u00f1o del modelo institucional para una nueva Autoridad Metropolitana de Transporte y Movilidad [&hellip;]<\/p>\n","protected":false},"author":9192204,"featured_media":0,"parent":0,"menu_order":0,"comment_status":"closed","ping_status":"closed","template":"","meta":{"footnotes":""},"class_list":["post-1552","page","type-page","status-publish","hentry"],"yoast_head":"<!-- This site is optimized with the Yoast SEO plugin v26.9 - https:\/\/yoast.com\/product\/yoast-seo-wordpress\/ -->\n<title>Autoridad Metropolitana de Transportes y Movilidad - Centro de Innovaci\u00f3n en Ciudades UDD<\/title>\n<meta name=\"robots\" content=\"index, follow, max-snippet:-1, max-image-preview:large, max-video-preview:-1\" \/>\n<link rel=\"canonical\" href=\"https:\/\/arquitectura.udd.cl\/cic\/autoridad-metropolitana-de-transportes-y-movilidad\/\" \/>\n<meta property=\"og:locale\" content=\"es_ES\" \/>\n<meta property=\"og:type\" content=\"article\" \/>\n<meta property=\"og:title\" content=\"Autoridad Metropolitana de Transportes y Movilidad - Centro de Innovaci\u00f3n en Ciudades UDD\" \/>\n<meta property=\"og:description\" content=\"Estudio del modelo de Gobernanza para la Autoridad Metropolitana de Transportes y Movilidad de Santiago (AMTM) La Universidad del Desarrollo (UDD), en conjunto con la consultora inglesa Arup y Transport for London (TfL), han sido los encargados de desarrollar una propuesta de dise\u00f1o del modelo institucional para una nueva Autoridad Metropolitana de Transporte y Movilidad [&hellip;]\" \/>\n<meta property=\"og:url\" content=\"https:\/\/arquitectura.udd.cl\/cic\/autoridad-metropolitana-de-transportes-y-movilidad\/\" \/>\n<meta property=\"og:site_name\" content=\"Centro de Innovaci\u00f3n en Ciudades UDD\" \/>\n<meta property=\"article:modified_time\" content=\"2024-09-02T16:12:50+00:00\" \/>\n<meta property=\"og:image\" content=\"https:\/\/arquitectura.udd.cl\/cic\/files\/2024\/08\/dsc_0394-1-1024x683.jpg\" \/>\n<meta name=\"twitter:card\" content=\"summary_large_image\" \/>\n<meta name=\"twitter:label1\" content=\"Tiempo de lectura\" \/>\n\t<meta name=\"twitter:data1\" content=\"2 minutos\" \/>\n<script type=\"application\/ld+json\" class=\"yoast-schema-graph\">{\"@context\":\"https:\/\/schema.org\",\"@graph\":[{\"@type\":\"WebPage\",\"@id\":\"https:\/\/arquitectura.udd.cl\/cic\/autoridad-metropolitana-de-transportes-y-movilidad\/\",\"url\":\"https:\/\/arquitectura.udd.cl\/cic\/autoridad-metropolitana-de-transportes-y-movilidad\/\",\"name\":\"Autoridad Metropolitana de Transportes y Movilidad - Centro de Innovaci\u00f3n en Ciudades UDD\",\"isPartOf\":{\"@id\":\"https:\/\/arquitectura.udd.cl\/cic\/#website\"},\"primaryImageOfPage\":{\"@id\":\"https:\/\/arquitectura.udd.cl\/cic\/autoridad-metropolitana-de-transportes-y-movilidad\/#primaryimage\"},\"image\":{\"@id\":\"https:\/\/arquitectura.udd.cl\/cic\/autoridad-metropolitana-de-transportes-y-movilidad\/#primaryimage\"},\"thumbnailUrl\":\"https:\/\/arquitectura.udd.cl\/cic\/files\/2024\/08\/dsc_0394-1-1024x683.jpg\",\"datePublished\":\"2024-08-28T01:37:10+00:00\",\"dateModified\":\"2024-09-02T16:12:50+00:00\",\"breadcrumb\":{\"@id\":\"https:\/\/arquitectura.udd.cl\/cic\/autoridad-metropolitana-de-transportes-y-movilidad\/#breadcrumb\"},\"inLanguage\":\"es\",\"potentialAction\":[{\"@type\":\"ReadAction\",\"target\":[\"https:\/\/arquitectura.udd.cl\/cic\/autoridad-metropolitana-de-transportes-y-movilidad\/\"]}]},{\"@type\":\"ImageObject\",\"inLanguage\":\"es\",\"@id\":\"https:\/\/arquitectura.udd.cl\/cic\/autoridad-metropolitana-de-transportes-y-movilidad\/#primaryimage\",\"url\":\"https:\/\/arquitectura.udd.cl\/cic\/files\/2024\/08\/dsc_0394-1-scaled.jpg\",\"contentUrl\":\"https:\/\/arquitectura.udd.cl\/cic\/files\/2024\/08\/dsc_0394-1-scaled.jpg\",\"width\":2560,\"height\":1708},{\"@type\":\"BreadcrumbList\",\"@id\":\"https:\/\/arquitectura.udd.cl\/cic\/autoridad-metropolitana-de-transportes-y-movilidad\/#breadcrumb\",\"itemListElement\":[{\"@type\":\"ListItem\",\"position\":1,\"name\":\"Portada\",\"item\":\"https:\/\/arquitectura.udd.cl\/cic\/\"},{\"@type\":\"ListItem\",\"position\":2,\"name\":\"Autoridad Metropolitana de Transportes y Movilidad\"}]},{\"@type\":\"WebSite\",\"@id\":\"https:\/\/arquitectura.udd.cl\/cic\/#website\",\"url\":\"https:\/\/arquitectura.udd.cl\/cic\/\",\"name\":\"Centro de Innovaci\u00f3n en Ciudades UDD\",\"description\":\"\",\"inLanguage\":\"es\"}]}<\/script>\n<!-- \/ Yoast SEO plugin. -->","yoast_head_json":{"title":"Autoridad Metropolitana de Transportes y Movilidad - Centro de Innovaci\u00f3n en Ciudades UDD","robots":{"index":"index","follow":"follow","max-snippet":"max-snippet:-1","max-image-preview":"max-image-preview:large","max-video-preview":"max-video-preview:-1"},"canonical":"https:\/\/arquitectura.udd.cl\/cic\/autoridad-metropolitana-de-transportes-y-movilidad\/","og_locale":"es_ES","og_type":"article","og_title":"Autoridad Metropolitana de Transportes y Movilidad - Centro de Innovaci\u00f3n en Ciudades UDD","og_description":"Estudio del modelo de Gobernanza para la Autoridad Metropolitana de Transportes y Movilidad de Santiago (AMTM) La Universidad del Desarrollo (UDD), en conjunto con la consultora inglesa Arup y Transport for London (TfL), han sido los encargados de desarrollar una propuesta de dise\u00f1o del modelo institucional para una nueva Autoridad Metropolitana de Transporte y Movilidad [&hellip;]","og_url":"https:\/\/arquitectura.udd.cl\/cic\/autoridad-metropolitana-de-transportes-y-movilidad\/","og_site_name":"Centro de Innovaci\u00f3n en Ciudades UDD","article_modified_time":"2024-09-02T16:12:50+00:00","og_image":[{"url":"https:\/\/arquitectura.udd.cl\/cic\/files\/2024\/08\/dsc_0394-1-1024x683.jpg","type":"","width":"","height":""}],"twitter_card":"summary_large_image","twitter_misc":{"Tiempo de lectura":"2 minutos"},"schema":{"@context":"https:\/\/schema.org","@graph":[{"@type":"WebPage","@id":"https:\/\/arquitectura.udd.cl\/cic\/autoridad-metropolitana-de-transportes-y-movilidad\/","url":"https:\/\/arquitectura.udd.cl\/cic\/autoridad-metropolitana-de-transportes-y-movilidad\/","name":"Autoridad Metropolitana de Transportes y Movilidad - Centro de Innovaci\u00f3n en Ciudades UDD","isPartOf":{"@id":"https:\/\/arquitectura.udd.cl\/cic\/#website"},"primaryImageOfPage":{"@id":"https:\/\/arquitectura.udd.cl\/cic\/autoridad-metropolitana-de-transportes-y-movilidad\/#primaryimage"},"image":{"@id":"https:\/\/arquitectura.udd.cl\/cic\/autoridad-metropolitana-de-transportes-y-movilidad\/#primaryimage"},"thumbnailUrl":"https:\/\/arquitectura.udd.cl\/cic\/files\/2024\/08\/dsc_0394-1-1024x683.jpg","datePublished":"2024-08-28T01:37:10+00:00","dateModified":"2024-09-02T16:12:50+00:00","breadcrumb":{"@id":"https:\/\/arquitectura.udd.cl\/cic\/autoridad-metropolitana-de-transportes-y-movilidad\/#breadcrumb"},"inLanguage":"es","potentialAction":[{"@type":"ReadAction","target":["https:\/\/arquitectura.udd.cl\/cic\/autoridad-metropolitana-de-transportes-y-movilidad\/"]}]},{"@type":"ImageObject","inLanguage":"es","@id":"https:\/\/arquitectura.udd.cl\/cic\/autoridad-metropolitana-de-transportes-y-movilidad\/#primaryimage","url":"https:\/\/arquitectura.udd.cl\/cic\/files\/2024\/08\/dsc_0394-1-scaled.jpg","contentUrl":"https:\/\/arquitectura.udd.cl\/cic\/files\/2024\/08\/dsc_0394-1-scaled.jpg","width":2560,"height":1708},{"@type":"BreadcrumbList","@id":"https:\/\/arquitectura.udd.cl\/cic\/autoridad-metropolitana-de-transportes-y-movilidad\/#breadcrumb","itemListElement":[{"@type":"ListItem","position":1,"name":"Portada","item":"https:\/\/arquitectura.udd.cl\/cic\/"},{"@type":"ListItem","position":2,"name":"Autoridad Metropolitana de Transportes y Movilidad"}]},{"@type":"WebSite","@id":"https:\/\/arquitectura.udd.cl\/cic\/#website","url":"https:\/\/arquitectura.udd.cl\/cic\/","name":"Centro de Innovaci\u00f3n en Ciudades UDD","description":"","inLanguage":"es"}]}},"_links":{"self":[{"href":"https:\/\/arquitectura.udd.cl\/cic\/wp-json\/wp\/v2\/pages\/1552","targetHints":{"allow":["GET"]}}],"collection":[{"href":"https:\/\/arquitectura.udd.cl\/cic\/wp-json\/wp\/v2\/pages"}],"about":[{"href":"https:\/\/arquitectura.udd.cl\/cic\/wp-json\/wp\/v2\/types\/page"}],"author":[{"embeddable":true,"href":"https:\/\/arquitectura.udd.cl\/cic\/wp-json\/wp\/v2\/users\/9192204"}],"replies":[{"embeddable":true,"href":"https:\/\/arquitectura.udd.cl\/cic\/wp-json\/wp\/v2\/comments?post=1552"}],"version-history":[{"count":3,"href":"https:\/\/arquitectura.udd.cl\/cic\/wp-json\/wp\/v2\/pages\/1552\/revisions"}],"predecessor-version":[{"id":1589,"href":"https:\/\/arquitectura.udd.cl\/cic\/wp-json\/wp\/v2\/pages\/1552\/revisions\/1589"}],"wp:attachment":[{"href":"https:\/\/arquitectura.udd.cl\/cic\/wp-json\/wp\/v2\/media?parent=1552"}],"curies":[{"name":"wp","href":"https:\/\/api.w.org\/{rel}","templated":true}]}}

<p></p>



<div class="wp-block-media-text alignfull is-stacked-on-mobile" style="grid-template-columns:35% auto"><figure class="wp-block-media-text__media"><img loading="lazy" decoding="async" width="1024" height="683" src="https://arquitectura.udd.cl/cic/files/2024/08/dsc_0394-1-1024x683.jpg" alt="" class="wp-image-1553 size-large" srcset="https://arquitectura.udd.cl/cic/files/2024/08/dsc_0394-1-1024x683.jpg 1024w, https://arquitectura.udd.cl/cic/files/2024/08/dsc_0394-1-300x200.jpg 300w, https://arquitectura.udd.cl/cic/files/2024/08/dsc_0394-1-768x512.jpg 768w, https://arquitectura.udd.cl/cic/files/2024/08/dsc_0394-1-1536x1025.jpg 1536w, https://arquitectura.udd.cl/cic/files/2024/08/dsc_0394-1-2048x1367.jpg 2048w" sizes="auto, (max-width: 1024px) 100vw, 1024px" /></figure><div class="wp-block-media-text__content">
<p>Estudio del modelo de Gobernanza para la Autoridad Metropolitana de Transportes y Movilidad de Santiago (AMTM)</p>



<p>La Universidad del Desarrollo (UDD), en conjunto con la consultora inglesa Arup y Transport for London (TfL), han sido los encargados de desarrollar una propuesta de diseño del modelo institucional para una nueva Autoridad Metropolitana de Transporte y Movilidad de Santiago (AMTM).</p>



<p>Este estudio ha sido encargado por el Gobierno Regional de Santiago (GORE) y el Directorio de Transporte Público Metropolitano (DTPM) del Ministerio de Transportes y Telecomunicaciones de Chile.</p>
</div></div>



<p><em> </em></p>



<div class="wp-block-media-text alignfull has-media-on-the-right is-stacked-on-mobile" style="grid-template-columns:auto 35%"><div class="wp-block-media-text__content">
<p>El objetivo de este estudio es, por tanto, diseñar el modelo institucional de una futura Autoridad Metropolitana de Transporte y Movilidad de Santiago, considerando diversos aspectos como el financiamiento, eficiencia en las operaciones, la movilidad activa, el alcance geográfico del sistema, la seguridad, la calidad del aire, la resiliencia al cambio climático, la innovación tecnológica, la integración del transporte a la planificación del uso de suelo, la equidad, el género, la inclusión y el valor social, así como el uso de las tecnologías digitales, entre otros.</p>
</div><figure class="wp-block-media-text__media"><img loading="lazy" decoding="async" width="1024" height="683" src="https://arquitectura.udd.cl/cic/files/2024/08/dsc_0389-1024x683.jpg" alt="" class="wp-image-1554 size-large" srcset="https://arquitectura.udd.cl/cic/files/2024/08/dsc_0389-1024x683.jpg 1024w, https://arquitectura.udd.cl/cic/files/2024/08/dsc_0389-300x200.jpg 300w, https://arquitectura.udd.cl/cic/files/2024/08/dsc_0389-768x512.jpg 768w, https://arquitectura.udd.cl/cic/files/2024/08/dsc_0389-1536x1025.jpg 1536w, https://arquitectura.udd.cl/cic/files/2024/08/dsc_0389-2048x1367.jpg 2048w" sizes="auto, (max-width: 1024px) 100vw, 1024px" /></figure></div>



<p class="has-small-font-size"><em> Proyecto financiado por el Fondo de Innovación para la Competitividad (FIC-R) del Gobierno de Santiago y ejecutado por el Centro de Innovación en Ciudades UDD.</em></p>

<p>Estudio del modelo de Gobernanza para la Autoridad Metropolitana de Transportes y Movilidad de Santiago (AMTM) La Universidad del Desarrollo (UDD), en conjunto con la consultora inglesa Arup y Transport for London (TfL), han sido los encargados de desarrollar una propuesta de diseño del modelo institucional para una nueva Autoridad Metropolitana de Transporte y Movilidad [&hellip;]</p>

<!-- This site is optimized with the Yoast SEO plugin v26.9 - https://yoast.com/product/yoast-seo-wordpress/ -->
<title>Autoridad Metropolitana de Transportes y Movilidad - Centro de Innovación en Ciudades UDD</title>
<meta name="robots" content="index, follow, max-snippet:-1, max-image-preview:large, max-video-preview:-1" />
<link rel="canonical" href="https://arquitectura.udd.cl/cic/autoridad-metropolitana-de-transportes-y-movilidad/" />
<meta property="og:locale" content="es_ES" />
<meta property="og:type" content="article" />
<meta property="og:title" content="Autoridad Metropolitana de Transportes y Movilidad - Centro de Innovación en Ciudades UDD" />
<meta property="og:description" content="Estudio del modelo de Gobernanza para la Autoridad Metropolitana de Transportes y Movilidad de Santiago (AMTM) La Universidad del Desarrollo (UDD), en conjunto con la consultora inglesa Arup y Transport for London (TfL), han sido los encargados de desarrollar una propuesta de diseño del modelo institucional para una nueva Autoridad Metropolitana de Transporte y Movilidad [&hellip;]" />
<meta property="og:url" content="https://arquitectura.udd.cl/cic/autoridad-metropolitana-de-transportes-y-movilidad/" />
<meta property="og:site_name" content="Centro de Innovación en Ciudades UDD" />
<meta property="article:modified_time" content="2024-09-02T16:12:50+00:00" />
<meta property="og:image" content="https://arquitectura.udd.cl/cic/files/2024/08/dsc_0394-1-1024x683.jpg" />
<meta name="twitter:card" content="summary_large_image" />
<meta name="twitter:label1" content="Tiempo de lectura" />
	<meta name="twitter:data1" content="2 minutos" />
<script type="application/ld+json" class="yoast-schema-graph">{"@context":"https://schema.org","@graph":[{"@type":"WebPage","@id":"https://arquitectura.udd.cl/cic/autoridad-metropolitana-de-transportes-y-movilidad/","url":"https://arquitectura.udd.cl/cic/autoridad-metropolitana-de-transportes-y-movilidad/","name":"Autoridad Metropolitana de Transportes y Movilidad - Centro de Innovación en Ciudades UDD","isPartOf":{"@id":"https://arquitectura.udd.cl/cic/#website"},"primaryImageOfPage":{"@id":"https://arquitectura.udd.cl/cic/autoridad-metropolitana-de-transportes-y-movilidad/#primaryimage"},"image":{"@id":"https://arquitectura.udd.cl/cic/autoridad-metropolitana-de-transportes-y-movilidad/#primaryimage"},"thumbnailUrl":"https://arquitectura.udd.cl/cic/files/2024/08/dsc_0394-1-1024x683.jpg","datePublished":"2024-08-28T01:37:10+00:00","dateModified":"2024-09-02T16:12:50+00:00","breadcrumb":{"@id":"https://arquitectura.udd.cl/cic/autoridad-metropolitana-de-transportes-y-movilidad/#breadcrumb"},"inLanguage":"es","potentialAction":[{"@type":"ReadAction","target":["https://arquitectura.udd.cl/cic/autoridad-metropolitana-de-transportes-y-movilidad/"]}]},{"@type":"ImageObject","inLanguage":"es","@id":"https://arquitectura.udd.cl/cic/autoridad-metropolitana-de-transportes-y-movilidad/#primaryimage","url":"https://arquitectura.udd.cl/cic/files/2024/08/dsc_0394-1-scaled.jpg","contentUrl":"https://arquitectura.udd.cl/cic/files/2024/08/dsc_0394-1-scaled.jpg","width":2560,"height":1708},{"@type":"BreadcrumbList","@id":"https://arquitectura.udd.cl/cic/autoridad-metropolitana-de-transportes-y-movilidad/#breadcrumb","itemListElement":[{"@type":"ListItem","position":1,"name":"Portada","item":"https://arquitectura.udd.cl/cic/"},{"@type":"ListItem","position":2,"name":"Autoridad Metropolitana de Transportes y Movilidad"}]},{"@type":"WebSite","@id":"https://arquitectura.udd.cl/cic/#website","url":"https://arquitectura.udd.cl/cic/","name":"Centro de Innovación en Ciudades UDD","description":"","inLanguage":"es"}]}</script>
<!-- / Yoast SEO plugin. -->

Autoridad Metropolitana de Transportes y Movilidad - Centro de Innovación en Ciudades UDD

Estudio del modelo de Gobernanza para la Autoridad Metropolitana de Transportes y Movilidad de Santiago (AMTM) La Universidad del Desarrollo (UDD), en conjunto con la consultora inglesa Arup y Transport for London (TfL), han sido los encargados de desarrollar una propuesta de diseño del modelo institucional para una nueva Autoridad Metropolitana de Transporte y Movilidad [&hellip;]

Centro de Innovación en Ciudades UDD
