{"id":6,"date":"2013-08-30T19:10:27","date_gmt":"2013-08-30T19:10:27","guid":{"rendered":"http:\/\/arquitectura.udd.cl\/artcco\/sobre-el-centro\/"},"modified":"2014-06-03T21:01:24","modified_gmt":"2014-06-03T21:01:24","slug":"sobre-artcco","status":"publish","type":"page","link":"https:\/\/arquitectura.udd.cl\/artcco\/sobre-artcco\/","title":{"rendered":"Sobre ArtCCO"},"content":{"rendered":"<p>&nbsp;<\/p>\n<p style=\"text-align: justify;\">ArtCCO UDD es un centro de discusi\u00f3n e investigaci\u00f3n sobre las fronteras del arte en Chile. Surge desde el proyecto de renovaci\u00f3n del programa, hom\u00f3logo de pregrado, motivado por la calidad de su equipo art\u00edstico-docente quienes representan un esp\u00edritu cr\u00edtico, de tendencias y reconocimiento cultural en el \u00a0\u00e1mbito del arte chileno contempor\u00e1neo.<\/p>\n<p style=\"text-align: justify;\"><img loading=\"lazy\" decoding=\"async\" class=\"aligncenter size-medium wp-image-301\" alt=\"IMG_2133\" src=\"http:\/\/arquitectura.udd.cl\/artcco\/files\/2013\/08\/IMG_2133-300x200.jpg\" width=\"300\" height=\"200\" srcset=\"https:\/\/arquitectura.udd.cl\/artcco\/files\/2013\/08\/IMG_2133-300x200.jpg 300w, https:\/\/arquitectura.udd.cl\/artcco\/files\/2013\/08\/IMG_2133-1024x682.jpg 1024w, https:\/\/arquitectura.udd.cl\/artcco\/files\/2013\/08\/IMG_2133-960x640.jpg 960w\" sizes=\"auto, (max-width: 300px) 100vw, 300px\" \/><a href=\"http:\/\/arquitectura.udd.cl\/artcco\/files\/2013\/08\/IMG_2117-copia.jpg\"><img loading=\"lazy\" decoding=\"async\" class=\"aligncenter size-medium wp-image-300\" alt=\"IMG_2117 copia\" src=\"http:\/\/arquitectura.udd.cl\/artcco\/files\/2013\/08\/IMG_2117-copia-300x200.jpg\" width=\"300\" height=\"200\" srcset=\"https:\/\/arquitectura.udd.cl\/artcco\/files\/2013\/08\/IMG_2117-copia-300x200.jpg 300w, https:\/\/arquitectura.udd.cl\/artcco\/files\/2013\/08\/IMG_2117-copia-1024x682.jpg 1024w, https:\/\/arquitectura.udd.cl\/artcco\/files\/2013\/08\/IMG_2117-copia-960x640.jpg 960w\" sizes=\"auto, (max-width: 300px) 100vw, 300px\" \/><\/a><\/p>\n<p style=\"text-align: center;\">Conoce nuestros programas de educaci\u00f3n cont\u00ednua :\u00a0<a href=\"http:\/\/arquitectura.udd.cl\/artcco\/programas-formacion-artcco\/\">http:\/\/arquitectura.udd.cl\/artcco\/programas-formacion-artcco\/<\/a><\/p>\n<p>&nbsp;<\/p>\n<p>&nbsp;<\/p>\n<p style=\"text-align: center;\"><a href=\"http:\/\/arquitectura.udd.cl\/artcco\/files\/2013\/08\/Logo-web-transparente.png\"><img loading=\"lazy\" decoding=\"async\" class=\"aligncenter  wp-image-134\" alt=\"ArtCCO, Arte y Cultura Contempor\u00e1nea de la UDD, LOGO\" src=\"http:\/\/arquitectura.udd.cl\/artcco\/files\/2013\/08\/Logo-web-transparente-300x191.png\" width=\"180\" height=\"115\" srcset=\"https:\/\/arquitectura.udd.cl\/artcco\/files\/2013\/08\/Logo-web-transparente-300x191.png 300w, https:\/\/arquitectura.udd.cl\/artcco\/files\/2013\/08\/Logo-web-transparente-125x80.png 125w, https:\/\/arquitectura.udd.cl\/artcco\/files\/2013\/08\/Logo-web-transparente-340x220.png 340w, https:\/\/arquitectura.udd.cl\/artcco\/files\/2013\/08\/Logo-web-transparente.png 854w\" sizes=\"auto, (max-width: 180px) 100vw, 180px\" \/><\/a><\/p>\n<h5 style=\"text-align: center;\">ARTCCO, ARTE Y CULTURA CONTEMPOR\u00c1NEA UDD<\/h5>\n","protected":false},"excerpt":{"rendered":"<p>ArtCCO UDD surge desde el proyecto de renovaci\u00f3n del programa, hom\u00f3logo de pregrado, motivado por la calidad de su equipo art\u00edstico-docente.<\/p>\n","protected":false},"author":1,"featured_media":0,"parent":0,"menu_order":40,"comment_status":"open","ping_status":"open","template":"","meta":{"footnotes":""},"class_list":["post-6","page","type-page","status-publish","hentry"],"_links":{"self":[{"href":"https:\/\/arquitectura.udd.cl\/artcco\/wp-json\/wp\/v2\/pages\/6","targetHints":{"allow":["GET"]}}],"collection":[{"href":"https:\/\/arquitectura.udd.cl\/artcco\/wp-json\/wp\/v2\/pages"}],"about":[{"href":"https:\/\/arquitectura.udd.cl\/artcco\/wp-json\/wp\/v2\/types\/page"}],"author":[{"embeddable":true,"href":"https:\/\/arquitectura.udd.cl\/artcco\/wp-json\/wp\/v2\/users\/1"}],"replies":[{"embeddable":true,"href":"https:\/\/arquitectura.udd.cl\/artcco\/wp-json\/wp\/v2\/comments?post=6"}],"version-history":[{"count":16,"href":"https:\/\/arquitectura.udd.cl\/artcco\/wp-json\/wp\/v2\/pages\/6\/revisions"}],"predecessor-version":[{"id":337,"href":"https:\/\/arquitectura.udd.cl\/artcco\/wp-json\/wp\/v2\/pages\/6\/revisions\/337"}],"wp:attachment":[{"href":"https:\/\/arquitectura.udd.cl\/artcco\/wp-json\/wp\/v2\/media?parent=6"}],"curies":[{"name":"wp","href":"https:\/\/api.w.org\/{rel}","templated":true}]}}